76 and 36.
36
What is the greatest common factor of 147 and 1421?
49
What is the highest common divisor of 65 and 3?
1
What is the greatest common factor of 144 and 1368?
72
Calculate the highest common divisor of 752 and 1269.
47
What is the highest common factor of 946 and 22?
22
What is the highest common divisor of 329 and 1269?
47
What is the highest common divisor of 36 and 228?
12
Calculate the highest common divisor of 145 and 174.
29
What is the greatest common divisor of 80 and 2140?
20
What is the greatest common divisor of 244 and 8?
4
What is the greatest common divisor of 4767 and 3?
3
Calculate the highest common factor of 5654 and 66.
22
Calculate the highest common divisor of 30 and 15.
15
Calculate the greatest common divisor of 1768 and 104.
104
Calculate the greatest common divisor of 20 and 90.
10
Calculate the highest common factor of 20 and 290.
10
What is the highest common divisor of 330 and 1540?
110
Calculate the highest common divisor of 468 and 1417.
13
What is the highest common factor of 33 and 3?
3
Calculate the highest common factor of 5820 and 97.
97
Calculate the highest common divisor of 800 and 350.
50
What is the greatest common factor of 58 and 406?
58
Calculate the greatest common divisor of 213 and 355.
71
What is the highest common factor of 514 and 12593?
257
What is the greatest common divisor of 3926 and 26?
26
Calculate the greatest common divisor of 70 and 1030.
10
Calculate the highest common divisor of 21 and 56.
7
What is the highest common factor of 56 and 1414?
14
Calculate the greatest common divisor of 95 and 95.
95
Calculate the highest common factor of 169 and 26.
13
What is the greatest common divisor of 720 and 2205?
45
Calculate the greatest common divisor of 8792 and 14.
14
Calculate the highest common factor of 56 and 3206.
14
Calculate the highest common divisor of 648 and 1152.
72
What is the highest common factor of 558 and 36?
18
What is the highest common divisor of 36 and 2424?
12
Calculate the greatest common divisor of 22256 and 208.
208
What is the greatest common factor of 29 and 5?
1
What is the greatest common factor of 18 and 138?
6
What is the highest common divisor of 39 and 7319?
13
What is the greatest common divisor of 2114 and 42?
14
What is the highest common divisor of 14453 and 97?
97
What is the highest common divisor of 675 and 27?
27
What is the greatest common factor of 90 and 162?
18
Calculate the highest common factor of 10304 and 138.
46
What is the greatest common divisor of 903 and 1407?
21
Calculate the greatest common factor of 694 and 6.
2
Calculate the highest common factor of 6141 and 138.
69
What is the greatest common divisor of 96 and 120?
24
What is the greatest common factor of 28 and 308?
28
Calculate the greatest common factor of 7 and 112.
7
Calculate the greatest common factor of 32 and 1968.
16
What is the highest common divisor of 27507 and 318?
159
What is the greatest common factor of 12 and 804?
12
Calculate the greatest common divisor of 342 and 54.
18
Calculate the greatest common divisor of 1602 and 522.
18
What is the highest common divisor of 9 and 489?
3
What is the greatest common divisor of 119 and 42?
7
Calculate the greatest common divisor of 1529 and 139.
139
Calculate the greatest common divisor of 4 and 44.
4
What is the greatest common factor of 35 and 1120?
35
Calculate the greatest common divisor of 66 and 30.
6
Calculate the highest common factor of 6 and 2220.
6
Calculate the highest common divisor of 1206 and 12.
6
Calculate the highest common divisor of 135 and 10.
5
What is the greatest common factor of 576 and 648?
72
What is the greatest common divisor of 18 and 531?
9
What is the highest common divisor of 513 and 1425?
57
Calculate the greatest common factor of 23 and 26427.
23
What is the greatest common divisor of 105 and 11907?
21
What is the highest common factor of 105 and 2905?
35
What is the highest common divisor of 136 and 34204?
68
What is the greatest common factor of 10727 and 17?
17
Calculate the highest common divisor of 36 and 8064.
36
Calculate the highest common divisor of 482 and 8.
2
Calculate the highest common factor of 26 and 1313.
13
Calculate the highest common divisor of 295 and 1239.
59
What is the highest common factor of 35 and 25?
5
Calculate the greatest common divisor of 324 and 36.
36
Calculate the greatest common divisor of 175 and 150.
25
Calculate the greatest common divisor of 38 and 15542.
38
What is the greatest common factor of 264 and 726?
66
What is the highest common factor of 10 and 65?
5
Calculate the highest common factor of 3999 and 62.
31
Calculate the highest common factor of 222 and 148.
74
Calculate the highest common factor of 144 and 648.
72
What is the highest common divisor of 1974 and 42?
42
What is the greatest common factor of 98 and 6223?
49
What is the highest common divisor of 624 and 1776?
48
Calculate the greatest common divisor of 59 and 2832.
59
Calculate the greatest common factor of 14 and 44800.
14
What is the greatest common divisor of 75 and 6?
3
What is the greatest common factor of 126730 and 190?
190
Calculate the highest common divisor of 10 and 110.
10
What is the greatest common factor of 738 and 18?
18
What is the greatest common divisor of 5 and 4765?
5
Calculate the highest common factor of 684 and 76.
76
Calculate the highest common divisor of 16 and 3088.
16
What is the greatest common factor of 21 and 2877?
21
What is the highest common factor of 28 and 15442?
14
What is the highest common divisor of 1184 and 32?
32
What is the highest common divisor of 35 and 385?
35
What is the highest common factor of 258 and 12?
6
Calculate the highest common divisor of 165 and 429.
33
What is the highest common divisor of 66 and 24?
6
Calculate the greatest common divisor of 56 and 1316.
28
What is the greatest common divisor of 102 and 19023?
51
What is the greatest common divisor of 294 and 686?
98
Calculate the highest common factor of 2220 and 30.
30
What is the highest common divisor of 76 and 4218?
38
Calculate the greatest common divisor of 62 and 31.
31
What is the highest common divisor of 726 and 4961?
121
Calculate the greatest common divisor of 1 and 16.
1
Calculate the highest common divisor of 1344 and 120.
24
Calculate the highest common factor of 11194 and 58.
58
Calculate the greatest common divisor of 549 and 9.
9
Calculate the highest common factor of 684 and 468.
36
What is the highest common divisor of 512 and 9600?
128
Calculate the highest common divisor of 888 and 30.
6
Calculate the greatest common divisor of 16 and 32.
16
Calculate the highest common divisor of 27 and 333.
9
Calculate the highest common divisor of 5244 and 60.
12
Calculate the highest common divisor of 28853 and 22.
11
Calculate the greatest common factor of 11696 and 34.
34
What is the highest common factor of 686 and 7?
7
Calculate the highest common factor of 6816 and 96.
96
What is the greatest common factor of 117 and 468?
117
What is the highest common divisor of 70 and 630?
70
What is the greatest common factor of 90 and 234?
18
Calculate the greatest common factor of 160 and 2910.
10
Calculate the highest common factor of 265 and 215.
5
What is the greatest common divisor of 320 and 2000?
80
Calculate the highest common factor of 4847 and 37.
37
What is the greatest common divisor of 754 and 26?
26
What is the highest common divisor of 68 and 10404?
68
What is the greatest common factor of 32 and 336?
16
Calculate the greatest common factor of 30 and 18195.
15
Calculate the greatest common divisor of 46 and 3772.
46
Calculate the greatest common divisor of 1196 and 52.
52
What is the greatest common factor of 188 and 6674?
94
Calculate the greatest common divisor of 84 and 308.
28
What is the greatest common divisor of 21 and 525?
21
What is the highest common divisor of 4572 and 108?
36
What is the greatest common divisor of 7 and 707?
7
What is the highest common factor of 40 and 84?
4
Calculate the highest common divisor of 23 and 46.
23
What is the highest common factor of 3843 and 693?
63
Calculate the highest common divisor of 128 and 20.
4
Calculate the greatest common divisor of 21989 and 11.
11
What is the greatest common divisor